t is the remainder when 1656070 is divided by 71?
66
What is the remainder when 358881674 is divided by 54?
50
What is the remainder when 31014353 is divided by 82?
67
Calculate the remainder when 372108 is divided by 901.
896
Calculate the remainder when 498094 is divided by 498087.
7
Calculate the remainder when 48042232 is divided by 7.
0
What is the remainder when 3284532 is divided by 9953?
42
Calculate the remainder when 20354 is divided by 3348.
266
What is the remainder when 554018 is divided by 881?
750
Calculate the remainder when 8301607 is divided by 4971.
37
What is the remainder when 980619 is divided by 897?
198
Calculate the remainder when 520207 is divided by 689.
12
Calculate the remainder when 1747400 is divided by 349286.
970
Calculate the remainder when 46778 is divided by 11672.
90
Calculate the remainder when 28952152 is divided by 162.
160
What is the remainder when 69290 is divided by 34630?
30
Calculate the remainder when 170027 is divided by 42495.
47
Calculate the remainder when 2090671 is divided by 295.
6
Calculate the remainder when 5933410 is divided by 239.
235
Calculate the remainder when 97891602 is divided by 19578317.
17
What is the remainder when 3871993 is divided by 109?
95
Calculate the remainder when 23229 is divided by 5497.
1241
Calculate the remainder when 13701488 is divided by 87.
32
Calculate the remainder when 13010962 is divided by 15307.
12
Calculate the remainder when 48848121 is divided by 4884811.
11
What is the remainder when 279451 is divided by 3588?
3175
What is the remainder when 107923 is divided by 26973?
31
Calculate the remainder when 2084563 is divided by 25115.
18
What is the remainder when 220446 is divided by 7111?
5
Calculate the remainder when 31228 is divided by 6098.
738
Calculate the remainder when 131087 is divided by 131061.
26
What is the remainder when 14035514 is divided by 39?
38
What is the remainder when 146028032 is divided by 4563376?
0
What is the remainder when 7903 is divided by 969?
151
What is the remainder when 2370062 is divided by 2370053?
9
Calculate the remainder when 674838 is divided by 67435.
488
What is the remainder when 12625195 is divided by 356?
11
What is the remainder when 5113564 is divided by 782?
66
Calculate the remainder when 45434 is divided by 22717.
0
What is the remainder when 1345545 is divided by 35409?
3
What is the remainder when 110198 is divided by 3766?
984
Calculate the remainder when 38855 is divided by 925.
5
Calculate the remainder when 3619893 is divided by 21.
18
What is the remainder when 33919708 is divided by 2706?
2704
Calculate the remainder when 116090403 is divided by 32.
3
What is the remainder when 3332749 is divided by 76?
73
Calculate the remainder when 72056 is divided by 1953.
1748
Calculate the remainder when 204719 is divided by 3716.
339
Calculate the remainder when 81357 is divided by 237.
66
What is the remainder when 19225 is divided by 19170?
55
What is the remainder when 95810959 is divided by 280?
279
Calculate the remainder when 34223692 is divided by 8555919.
16
Calculate the remainder when 234649068 is divided by 779565.
3
Calculate the remainder when 670666 is divided by 65.
61
Calculate the remainder when 702454 is divided by 50172.
46
What is the remainder when 56705 is divided by 28021?
663
Calculate the remainder when 13344761 is divided by 1144.
1
What is the remainder when 43103573 is divided by 14367849?
26
Calculate the remainder when 3640172 is divided by 606695.
2
What is the remainder when 25290721 is divided by 87511?
42
What is the remainder when 986490 is divided by 201?
183
Calculate the remainder when 642419 is divided by 5532.
707
Calculate the remainder when 5795424 is divided by 11974.
8
What is the remainder when 135549 is divided by 1467?
585
What is the remainder when 343117 is divided by 170832?
1453
Calculate the remainder when 4490807 is divided by 1879.
1876
What is the remainder when 57417 is divided by 14350?
17
Calculate the remainder when 1318556026 is divided by 161.
158
Calculate the remainder when 213403962 is divided by 47.
39
Calculate the remainder when 3862800 is divided by 96544.
1040
What is the remainder when 13313186 is divided by 193?
46
What is the remainder when 133428 is divided by 1781?
1634
Calculate the remainder when 7568976 is divided by 4335.
66
Calculate the remainder when 7233414 is divided by 85.
84
Calculate the remainder when 283425 is divided by 279.
240
What is the remainder when 388261 is divided by 4414?
4243
What is the remainder when 2173114 is divided by 489?
487
Calculate the remainder when 1572494 is divided by 1572229.
265
Calculate the remainder when 13146 is divided by 7127.
6019
Calculate the remainder when 772105 is divided by 989.
685
Calculate the remainder when 5106407 is divided by 92843.
42
What is the remainder when 39436 is divided by 1090?
196
Calculate the remainder when 1307716 is divided by 250.
216
Calculate the remainder when 17781 is divided by 2947.
99
What is the remainder when 93797 is divided by 5848?
229
What is the remainder when 35344471 is divided by 43103?
11
What is the remainder when 6688492 is divided by 752?
204
Calculate the remainder when 407860 is divided by 31.
24
Calculate the remainder when 107255484 is divided by 29.
28
What is the remainder when 20970 is divided by 5337?
4959
What is the remainder when 4734558 is divided by 1165?
1163
What is the remainder when 1933185 is divided by 300?
285
Calculate the remainder when 1961535 is divided by 93.
72
Calculate the remainder when 908244 is divided by 302721.
81
What is the remainder when 3913307 is divided by 40?
27
Calculate the remainder when 465054 is divided by 154841.
531
What is the remainder when 731579 is divided by 246?
221
What is the remainder when 27239197 is divided by 90196?
5
Calculate the remainder when 43978 is divided by 694.
256
What is the remainder when 3324771 is divided by 3866?
11
Calculate the remainder when 582567 is divided by 3255.
3177
Calculate the remainder when 16263 is divided by 1794.
117
What is the remainder when 6979264 is divided by 574?
572
What is the remainder when 55983 is divided by 55852?
131
What is the remainder when 19236034 is divided by 3671?
3665
What is the remainder when 282303232 is divided by 2154?
2146
Calculate the remainder when 1347193 is divided by 41.
15
Calculate the remainder when 297306 is divided by 32700.
3006
What is the remainder when 10541842 is divided by 537?
532
What is the remainder when 3494571 is divided by 873641?
7
Calculate the remainder when 298421 is divided by 6349.
18
What is the remainder when 145796 is divided by 180?
176
Calculate the remainder when 2206107 is divided by 245121.
18
What is the remainder when 8707119 is divided by 44?
3
What is the remainder when 186202 is divided by 128?
90
What is the remainder when 164398 is divided by 81494?
1410
What is the remainder when 1277176 is divided by 401?
392
Calculate the remainder when 349054747 is divided by 25.
22
What is the remainder when 263695 is divided by 5381?
26
What is the remainder when 1214683 is divided by 3110?
1783
What is the remainder when 120316734 is divided by 9732?
18
What is the remainder when 1484148 is divided by 6902?
218
What is the remainder when 19205006 is divided by 8494?
72
What is the remainder when 4538293 is divided by 217?
172
Calculate the remainder when 181336 is divided by 58458.
5962
Calculate the remainder when 6575523 is divided by 11396.
31
What is the remainder when 134356 is divided by 66625?
1106
What is the remainder when 2732022 is divided by 7?
6
Calculate the remainder when 185640 is divided by 1026.
960
What is the remainder when 309166 is divided by 5092?
3646
What is the remainder when 40959764 is divided by 1763?
1748
Calculate the remainder when 6980643 is divided by 2313.
9
What is the remainder when 1343511 is divided by 1343499?
12
Calculate the remainder when 16011838 is divided by 1231676.
50
Calculate the remainder when 27102 is divided by 2973.
345
Calculate the remainder when 12193439 is divided by 532.
531
Calculate the remainder when 16699259 is divided by 38926.
5
What is the remainder when 12960 is divided by 12665?
295
Calculate the remainder 